ue
Suppose 2*y = -s + 3, y - 3 - 21 = -5*s. Suppose -3*n = -0*n - 3*j - 1251, -n - s*j + 447 = 0. Is n prime?
False
Let p(h) = -h**3 - 6*h**2 - 5*h + 3. Let j be p(-5). Suppose -3*g = i - 5 - 1, j*g - 6 = -2*i. Is (-1719)/(-12) - g/8 prime?
False
Let i be 8/(-32) + 0 + (-1149)/(-4). Suppose 13*l - i = 779. Is l composite?
True
Let b(f) = 475*f + 14. Let c be b(2). Let m = -21 + c. Is m composite?
True
Let q = 62 + -65. Is (((-9)/6)/q)/((-3)/(-8826)) composite?
False
Let k be (-1)/(23/(-11) + 2). Suppose -7*l + k*l = 2308. Suppose -5*i + l = -478. Is i a composite number?
False
Let v = 23450 + -10381. Is v a composite number?
True
Let m = 193 + -193. Suppose 4*y = 2*g + 520, -3*y - 5*g + 79 = -324. Suppose m = x + 4*i - 18, -3*i - 24 = 5*x - y. Is x a composite number?
True
Suppose -1133 + 86 = o - 5*x, -3*o = -3*x + 3105. Let h = o + 6695. Is h a composite number?
True
Is 2/6 + 2360940/90 a composite number?
True
Let w = 28982 - 20275. Is w a composite number?
False
Suppose -f - 2*f - 4*t = -3, 2*t - 4 = -2*f. Let o(k) = -12*k + 14*k - k**3 + 5 - 5 + 5*k**2. Is o(f) a prime number?
False
Suppose -2*c = -4*t + c + 26707, 20029 = 3*t - 2*c. Is t prime?
True
Let k be (0 + 362)/2 + 1 + 1. Suppose -f = 7*t - 3*t - k, -4*t - 8 = 0. Is f a prime number?
True
Suppose -1 = 2*m + 5*d + 9, 3*m - 2 = d. Suppose 0 = -5*r - m*r - 5. Is (-8)/4 + (-85)/r composite?
False
Suppose -2*s + 32 = 4. Suppose l = -l - 2*n + 34, 2*l - 3*n = s. Is l a prime number?
True
Let k(o) = 21*o**3 + o**2 + 2*o + 1. Let g be k(-1). Let w be 96/14 - 3/g. Let b(j) = -j**3 + 9*j**2 - 5*j + 2. Is b(w) a prime number?
False
Let i(k) = 708*k**2 - 59*k + 266. Is i(5) prime?
False
Let g(a) = 9*a**2 + 4*a - 4. Let l be g(6). Let i(z) = 268*z + 18. Let h be i(3). Let k = h - l. Is k a prime number?
False
Suppose -564*b = -563*b - 1511. Is b a composite number?
False
Suppose -11*v + 3991 = 2*v. Is v a prime number?
True
Let a(k) = 94*k - 69. Let b = 137 - 117. Is a(b) prime?
True
Let p(z) = -z**3 + 8*z**2 + 22*z - 19. Is p(8) composite?
False
Suppose 0 = 3*h - 122 - 1756. Let m = 146 - h. Let n = m - -1523. Is n a prime number?
False
Let y = 83 - 202. Let m = y - -298. Is m prime?
True
Suppose 3*t + 5 = -2*t. Is t/3*(1 + 2*-437) a prime number?
False
Let b(t) = -t**3 + 5*t**2 + 9*t + 7. Let z be b(7). Is ((-1346)/(-8))/((-7)/z) a prime number?
True
Let h(m) = -61 + 116 - 165*m - 59. Is h(-1) a composite number?
True
Suppose -5*y = -5*k - 979 - 69051, 4*k = -y + 14021. Is y prime?
True
Suppose 53*k = 57*k - l - 85728, 0 = -3*k - 2*l + 64307. Is k prime?
True
Let u(v) = 0*v**2 - 15 + 2*v + 7*v + 5*v**2. Is u(-14) composite?
False
Let i be ((-6)/(-5))/(3/10). Suppose -2*w = -u + 1, 3*w - 6*w + 5*u = 19. Suppose -2*v + 2*d = -i*v + 376, w*d = 4*v - 770. Is v a composite number?
False
Suppose t = -4*z + 3*t - 174, -2*z - 85 = -3*t. Let a = z - -4. Let j = 93 + a. Is j a prime number?
True
Suppose -33*z - 1117357 + 3049078 = 0. Is z prime?
True
Suppose -z = -3*q + 3, 0*z - 2*z + q = 11. Is (z/2 - -4)*31 a composite number?
False
Suppose 18 = -3*r + 9*r. Suppose 2*m = -m - 5*t + 396, -5*m = r*t - 644. Is m composite?
False
Let l be -5 + 10 + -2 + 1. Is 3817/(l/7 + 6/14) composite?
True
Suppose 100*j - 90*j = 51890. Is j composite?
False
Let u be -5 + 1 + (57 - 16). Let w = -35 + u. Suppose 0*b = w*b - 1162. Is b composite?
True
Let u be 1/(-5)*(4 - 9). Let l = u + 2. Suppose -3*b - l*k = -201, -2*k - 225 = -3*b + k. Is b a prime number?
True
Let r be ((-25692)/18)/((-8)/12). Let n = -936 + r. Is n a prime number?
False
Let f(q) = 3*q**2 + 30*q - 14. Is f(21) composite?
True
Let o(p) = p + 4. Let h be o(-2). Let x(v) = -v**3 + 0*v**3 - 9*v**h + 1 - 12 - 7*v - 5*v. Is x(-12) prime?
False
Let a be 0 + -4 - (1 - 1). Let i(p) = 2*p**3 + 7*p**2 + 5*p. Let z be i(-4). Is 6/a*13368/z a composite number?
False
Let p(r) = 52*r**2 + 21*r + 26. Is p(-15) prime?
True
Suppose 0 = -b - 2*s + 94 - 363, -s + 842 = -3*b. Let n = -22 - b. Is n a prime number?
True
Let m(h) = -2*h - 11. Let c be m(-7). Suppose -2*r - 11 = -0*r + c*q, r - 5*q = 27. Is r prime?
True
Suppose 85*w - 91*w = -98202. Is w a prime number?
False
Suppose 4*s - 1102 = -2*a + 3*a, -4*s + 1104 = -2*a. Suppose -2*c + f = -s, 3*c - 3*f - 517 = -97. Is ((c + 1)/(-4))/(-1) composite?
True
Is (2 - -3) + (7 - (-2 + -1119)) composite?
True
Let d = 315 + -256. Is d a composite number?
False
Let c(f) = 30*f**2 - 2*f - 27. Is c(12) composite?
True
Suppose 2*b - 12 = -4*i, 4*b + 3 = i + 3*b. Suppose t + 5*n - 404 = 0, i*t - 2*n = -0*n + 1195. Suppose -2*y - y + t = 0. Is y composite?
True
Let t = -2521 - -5924. Is t composite?
True
Suppose 6 = -n + 3*n. Suppose 2*r = l, n*l + 5*r - 12 = -1. Suppose 5*f = z + 1190, l*f = 4*z + z + 453. Is f a composite number?
False
Is ((-126153)/(-63) - 3)/((-2)/(-7)) a composite number?
True
Suppose 19 = 5*k - 41. Suppose -2*g + k = g. Suppose 2*r + g*a = 1536, -a + 1561 = 2*r - 2*a. Is r prime?
False
Suppose 3*j + 4*h = 126817, 12*h - 7*h - 84547 = -2*j. Is j a composite number?
True
Let r(u) = 6*u**2 + 11*u - 5. Suppose 0*p + 8 = 2*p. Suppose p*y = 20 + 12. Is r(y) prime?
True
Suppose -4*z - z + 10 = 0. Suppose z*n = 3*g - 5, -4*n - 3 = -5*g + 4. Suppose 0 = w - 4*h - 57, g*h = -2*w + 159 - 67. Is w a composite number?
True
Let z(p) = 9*p - 21. Let r be z(18). Suppose 3*k + 0*k = r. Suppose -2*x - 2*a - k = -3*x, 4*x - 221 = -3*a. Is x a composite number?
False
Let g = -1157 + 2620. Suppose 4*q - 3*t = 1158, -4*t + g = 6*q - q. Is q composite?
True
Let r = -16 + 20. Suppose 2*o + p = -o + 342, -2*o + r*p = -214. Is o prime?
True
Let x(v) = -18524*v - 7. Is x(-1) composite?
False
Suppose -5*t + 5816 = -5649. Is t a composite number?
False
Let h(k) = -204*k**3 - 7*k - 9. Is h(-2) a prime number?
True
Let p be (-42)/(-10) - (-10)/(-50). Suppose 2*u - p*l + 12 = -0*u, -5*u + 2*l = -2. Is ((-2)/u)/(9/(-4041)) composite?
False
Suppose -2*q = 8 - 4. Let x(z) = 4*z**2 + 3*z + 1. Let a be x(q). Suppose -1595 = 6*t - a*t. Is t a prime number?
False
Is 4612314/252 - (1/(-6) + 0) prime?
False
Let w = 821 + 4910. Is w a prime number?
False
Let k(o) = o**2 - 11*o + 11. Let f = 101 - 123. Is k(f) a composite number?
True
Let x(d) = d**3 + 16*d**2 + 13*d - 6. Let u be x(-15). Is (-224)/u*(-474)/8 a composite number?
True
Let p(k) = 17*k + 29857. Is p(0) prime?
False
Let n be ((-33)/(-2))/((-18)/(-312)). Let i be (n/4)/((-9)/(-18)). Let p = i - -48. Is p prime?
True
Suppose -5*o = -4*o - 79. Let r = o - 26. Is r composite?
False
Suppose -118 = 4*h + 38. Let z = -19 - h. Suppose -b = 3*w - 355, 0 = -5*w - 4*b + 607 - z. Is w a prime number?
False
Let z(s) = -3*s - 1. Let g be z(-1). Suppose -g*t - 15 = -89. Is t a prime number?
True
Let o = 821 - 1191. Let h = -198 - o. Suppose 2*x = 4*n - 1788, -2*n + 1066 = 2*x + h. Is n prime?
False
Suppose 3827 = 3*j + 2*m - 3*m, -4*j + 5105 = m. Is j - (-2 + 3)*-1 composite?
False
Let f(o) = -o**3 - 14*o**2 + o + 22. Let y be f(-14). Suppose -3*m = -y*m + 7645. Is m prime?
False
Let c = 11969 - -13412. Is c composite?
True
Let l = 27 + -22. Suppose 0 = 2*w - 2, -2*a = l*w - 27 - 20. Is a prime?
False
Suppose 0 = s - 0*s - 4. Suppose 3*m - s*q = 337, -m + 2*q = -0*m - 113. Suppose -m = -z + 74. Is z a prime number?
False
Let m(t) = -5*t**2 - t + 1. Suppose 0 = -k + 3*q - 3 + 1, 0 = 5*k - 2*q - 3. Let n be m(k). Is -7 + (-2 - n) + 107 composite?
False
Let t(u) be the second derivative of -17*u**8/672 - u**7/2520 - u**6/180 - u**5/40 + u**4/4 - 10*u. Let n(m) be the third derivative of t(m). Is n(-2) prime?
True
Suppose 5*i + 24261 = 26*g - 24*g, 36454 = 3*g + 5*i. Is g composite?
False
Let n = -440 - -2919. Is n composite?
True
Let i = -4480 - -7331. Is i prime?
True
Let c = -1953 + 3520. Is c a prime number?
True
Let n be (223/2)/((-4)/(-32)). Suppose 3*y - n = -2*i + i, -3*y = -15. Is i a composite number?
False
Let t = 11 + -8. Suppose -t*j + 1564 = j. Is j a prime number?
False
Suppose 2*p - 3*b - 11797 = 0, -17688 = -3*p + 20*b - 23*b. Is p a composite number?
False
Let x = -107 + 110. Suppose 0 = x*k - k - 1266. Is k composite?
True
Suppose -18*n - 4*n = -724262. Is n a prime number?
False
Let n be 10/(-15) + 35/3. Let u be 268/2*(n - -2). Let k = u - 1239. Is k composite?
False
Let w(x) = 